j = -7671 - -7709. Suppose -35 - 1 = -2*m - 4*b, a*m - j = -2*b. What is the greatest common factor of m and 4?
2
Let z be ((-1266)/15)/(4/(-20)). Let d = z - 290. What is the greatest common divisor of d and 154?
22
Suppose 0*h = -5*l - 5*h + 10, l - 4*h = 12. Suppose 30*a - 32 = 268. Suppose a*u - 43 = -3. What is the greatest common divisor of l and u?
4
Let l be ((-160)/(-6))/((-565)/(-4746)). Calculate the highest common factor of 1036 and l.
28
Let g = 270 - 159. Let p(w) = 3 - g*w - 93*w + 170*w. Let x be p(-6). Calculate the greatest common factor of 23 and x.
23
Let q = -9719 + 9797. What is the highest common factor of q and 3354?
78
Suppose 5*z - 2*i - 12 = 0, -15*i - 18 = -7*z - 11*i. What is the greatest common factor of z and 458?
2
Suppose 0 = g - 5*m - 68, -2*m - 3*m = 3*g - 124. Suppose 81*x = 82*x - g. Let r be -11*(3/(-2))/(18/x). What is the highest common divisor of 110 and r?
22
Let d be 1/(5/60*-1). Let o be (-2)/((1/9)/((-14)/d)). Let n be (-10 - o) + (-4)/(-1). What is the highest common divisor of n and 60?
15
Let v = 142654 + -142625. Let x = 291 - 59. Calculate the greatest common factor of v and x.
29
Let k(j) = -27*j + 56. Let h be k(2). Suppose 0 = -h*w + 1338 - 6. Calculate the greatest common factor of 37 and w.
37
Let z be 2625/14 + (-19)/38. What is the greatest common factor of 77 and z?
11
Let g be (-24)/10*5*-1. Suppose 37*v = -43*v + 69*v + 528. What is the greatest common divisor of v and g?
12
Let h be (-42770)/(-30) - (-2)/(-3). Calculate the greatest common factor of 171 and h.
57
Let z be 20/6*(-27)/(-18). Suppose 0*l + 169 = 5*l - p, z*p = 2*l - 86. Calculate the greatest common divisor of l and 165.
33
Suppose 0*w = -2*w + 232. Let p(b) = -216*b - 811. Let z be p(-4). Let r = w - z. Calculate the highest common factor of r and 42.
21
Suppose -4*m + 11*h - 5*h + 3570 = 0, m - 873 = -5*h. Calculate the greatest common divisor of m and 629.
37
Let g = 2817 + -2802. What is the highest common divisor of g and 80?
5
Suppose -19*c = -5*u + 135, -u + 241*c + 27 = 246*c. Let y(g) = -37*g**3 - 2*g**2 + g + 2. Let i be y(-2). What is the highest common divisor of i and u?
9
Let z be (18/24 - 65/60)*-408. Calculate the greatest common divisor of 2516 and z.
68
Let y(z) = -4*z - 4. Let k be y(-2). Let v be 1*(k/8*0)/(-2). Let q be 1/(0 + -2)*(v - 6). What is the highest common factor of q and 4?
1
Let j(q) = q**3 - 11*q**2 + 4*q - 12. Let m be j(11). Suppose -13*z = 23 - 75. What is the highest common factor of m and z?
4
Let n be ((-3)/(27/(-177)))/((-1515)/(-216) - 7). Calculate the highest common factor of n and 590.
118
Suppose 219 + 2245 = 14*b. Suppose -m = -280 + b. Let u be 576/22 + (-4)/22. What is the greatest common divisor of u and m?
26
Let f(i) = -11*i**2 - 307*i + 43. Let h be f(-28). Let l = 39 - 24. What is the highest common divisor of h and l?
15
Let n(c) = -49*c - 1225. Let o be n(-48). Calculate the highest common divisor of o and 49.
49
Let t be 456/45 + 8/(-60). Suppose 0 = 81*b - 5774 - 12856. What is the greatest common divisor of b and t?
10
Let h be -610*(-2)/(-5)*(-425)/68. Calculate the highest common factor of 427 and h.
61
Let j(y) = -y**3 + 9*y**2 - 10*y + 27. Let c be j(6). Let l be 4/((1/9)/(c/18)). Calculate the greatest common divisor of l and 30.
30
Let w(d) be the third derivative of 4*d**5/15 - d**4/8 + d**3/3 + 7*d**2. Let i be w(1). Let h = i + -7. Calculate the highest common factor of 4 and h.
4
Let o(r) = 26*r**3 - r**2 + 5*r + 387. Let n be o(7). What is the greatest common factor of n and 171?
57
Let g(r) = r**2 + 3*r + 4. Let q be g(-7). Suppose -9*i + 380 + 124 = 0. Calculate the highest common divisor of i and q.
8
Let n = -298 + 152. Let p = n + 376. Calculate the highest common divisor of p and 10.
10
Let z(p) = 16*p + 166. Let j be z(-10). Suppose j*b - 2*b = 120. Calculate the greatest common divisor of b and 96.
6
Let v = 342 + 195. Let k = v - 482. Suppose 0 = 2*g - g - 5. What is the highest common factor of k and g?
5
Let b be ((-182)/(-52))/(-7 + (-3166)/(-452)). What is the greatest common factor of b and 56?
7
Suppose 15*r - 13*r = 24. Suppose 4*s - 60 = r. Calculate the highest common factor of 42 and s.
6
Let p = -885 + 937. Suppose n - 18 = -5. What is the greatest common factor of n and p?
13
Suppose 0 = z - 0 - 40. Let f(y) = -61*y - 111. Let q be f(-7). Suppose -2*d - 5*n = -140, -2*d - 4*n = 3*d - q. What is the highest common divisor of d and z?
20
Suppose 18*j - 167691 + 67032 = 98601. What is the greatest common divisor of j and 82?
82
Suppose 4*b - 8595 = -5*m, 132*b - 131*b = 4*m + 2133. Calculate the greatest common divisor of b and 286.
143
Suppose -19*s + 495 = -436. Let m be ((-155)/(-35) - 3)*s. What is the greatest common factor of 10 and m?
10
Let d(k) = k**2 - 7*k - 269. Let t be d(0). Let r = -99 - t. Let j = 102 + -34. What is the greatest common factor of r and j?
34
Suppose 0 = -s + l + 567, 0 = 2*s + 3*l + 68 - 1207. Calculate the highest common factor of 8 and s.
8
Suppose -6*x + 5362 = -554. What is the highest common factor of 174 and x?
58
Suppose 192*k - 121*k - 4147 - 2669 = 0. Calculate the highest common divisor of k and 1692.
12
Suppose 3*s + 2435 - 10305 = -k, -k + 10492 = 4*s. Calculate the highest common factor of 506 and s.
46
Suppose -27*f + 6*f = -3612. What is the greatest common factor of 8 and f?
4
Let p be (-128)/(-20)*((-13000)/(-16))/25. Calculate the highest common divisor of 1274 and p.
26
Suppose 0 = -4*v - 4, -2*v = 4*r - 959 + 301. What is the greatest common factor of 780 and r?
15
Suppose 7*g + 3*b = 8*g - 11, -5*g + b = -41. Calculate the highest common divisor of 4696 and g.
8
Let a = -55 + 49. Let n(o) = 2*o**2 + 6*o + 13. Let f be n(a). Let w = f - 35. What is the highest common divisor of 126 and w?
14
Suppose 0 = -3*i - r + 72, 143*i = 140*i - 5*r + 72. Calculate the greatest common factor of i and 3708.
12
Let n(j) = 42*j - 57. Let o be ((-92)/8 + 10)/(3/(-20)). Let l be n(o). Calculate the highest common factor of l and 33.
33
Let q be ((-738)/(-328))/(1 - 74/80). Suppose q*o = 16*o + 294. Calculate the greatest common divisor of o and 49.
7
Let b(h) = h**3 - 12*h**2 - 13*h - 4. Let n be b(13). Let j be (39*(-2)/n)/(10/20). Let g be j*(1 + 4/(-12)). Calculate the highest common factor of g and 156.
26
Suppose s = 4*z - 79 + 95, 5 = 5*s - 5*z. Let g be (-90)/(-5)*s/(-12). What is the greatest common factor of 14 and g?
2
Let c(p) = -10*p**3 - p**2 + 20*p + 42. Let n be c(-2). Calculate the highest common factor of 26 and n.
26
Let o = 491 - 386. Suppose 0 = -107*y + o*y + 12. What is the greatest common factor of 7 and y?
1
Let h = 1416 - 2290. Let p = h - -1249. Calculate the greatest common factor of 30 and p.
15
Suppose 2*c - 2*t - 20 = 0, 29 = 2*c + 3*c + 2*t. Suppose -4*r + c*r - 102 = 0. Suppose -204 = 154*l - 158*l. Calculate the highest common factor of l and r.
17
Let x be 429897/755 - (-3)/5. What is the greatest common factor of 1254 and x?
114
Let g(r) = 11*r + 60. Let w be g(-5). Let j(b) = 6*b**2 - b - 9. Let h be j(w). Calculate the highest common divisor of 17 and h.
17
Suppose -182*f + 45 = -177*f. Let k be (-3)/(-4) - (f - (-34893)/(-36)). Calculate the highest common divisor of k and 31.
31
Let m be (145/15 - 3)/((-2)/(-282)). Let i be (m/30)/(4/12). Calculate the highest common factor of i and 141.
47
Let k be ((638/(-55))/29)/((-2)/2135). What is the highest common divisor of 14 and k?
7
Let n(w) = -w**2 - 3 - 16*w - 26*w + 7 + 12. Let y be n(-18). What is the greatest common factor of y and 28?
28
Let s(k) = -76*k**2 + 6*k + 7. Let y be s(-3). Let x = y - -1606. Let n = x + -581. What is the highest common factor of 30 and n?
30
Suppose 0 = -3*i + 12. Let p = i - -28. Suppose -136*y + 56 = -244*y + 122*y. What is the greatest common divisor of p and y?
4
Let s be 36*(-9)/((-108)/280) + -4. Calculate the highest common divisor of s and 57.
19
Let y(u) = 52*u - 41. Let z be y(6). Suppose z = -2*j + 415. Calculate the highest common divisor of j and 162.
18
Let o = -931 + 935. Let c(h) = -36*h. Let j be c(-1). What is the greatest common divisor of j and o?
4
Let f be (37136/(-220))/(1/(-15)). What is the greatest common factor of f and 36?
12
Let w = -45 + 106. Suppos